{"id":101,"date":"2022-06-11T06:02:56","date_gmt":"2022-06-11T06:02:56","guid":{"rendered":"http:\/\/philippecharleux.fr\/?page_id=101"},"modified":"2025-10-08T09:57:38","modified_gmt":"2025-10-08T09:57:38","slug":"news","status":"publish","type":"page","link":"https:\/\/philippecharleux.fr\/?page_id=101","title":{"rendered":"\u00ab\u00a0Au Fil des Ruelles\u00a0\u00bb"},"content":{"rendered":"\n<p class=\"has-black-color has-text-color\"><\/p>\n\n\n\n<div class=\"wp-block-group is-vertical is-content-justification-center is-layout-flex wp-container-core-group-is-layout-1 wp-block-group-is-layout-flex\">\n<p class=\"has-text-align-center has-black-color has-text-color has-medium-font-size\">\u00ab\u00a0<strong>L<em>a balade cont\u00e9e est un voyage collectif dans le temps, l\u2019espace et l\u2019imaginaire<\/em><\/strong> <\/p>\n\n\n\n<p class=\"has-text-align-center has-black-color has-text-color has-medium-font-size\"><strong><em>rassemblant, autour d&rsquo;un conteur, un groupe de personnes<\/em><\/strong><\/p>\n\n\n\n<p class=\"has-text-align-center has-black-color has-text-color has-medium-font-size\"><strong><em> dans un moment complice, bienveillant, l\u00e9ger et souriant.<\/em><\/strong>\u00ab\u00a0<\/p>\n<\/div>\n\n\n\n<p class=\"has-small-font-size\"><strong>Chaque village<\/strong> a son histoire, son patrimoine, son charme et bien s\u00fbr ses habitants qui aiment \u00e0 se retrouver et accueillir ceux qui ont mis le chemin sous leurs pas, pour venir jusqu\u2019\u00e0 eux.<\/p>\n\n\n\n<p class=\"has-small-font-size\">Dans ce lieu unique, le village, <strong>la balade cont\u00e9e est une rencontre complice <\/strong>, entre un conteur -passeur d\u2019histoires, et un groupe de personnes. Cette rencontre dont le support est <strong>la parole cont\u00e9e<\/strong>, se concr\u00e9tise tout au long d\u2019un <strong>parcours \u00e0 \u00e9tapes<\/strong>, choisies pour leurs c\u00f4t\u00e9s remarquables&nbsp;: d\u00e9tails architecturaux, \u00e9difices embl\u00e9matiques, places, fontaines, Histoire \u2026.<\/p>\n\n\n\n<p class=\"has-small-font-size\"> Pour le conteur, il s\u2019agira, de <strong>relier chacune de ces \u00e9tapes, \u00e0 une ou des histoires <\/strong>qu\u2019il racontera, en ayant auparavant, soulign\u00e9 la particularit\u00e9 du lieu. Ainsi, l\u2019arr\u00eat \u00e0 une fontaine, sera associ\u00e9 \u00e0 une histoire o\u00f9 il est question d\u2019eau, celui devant une Eglise, \u00e0 une histoire de tailleurs de pierres, d\u2019enfer et de paradis, celui sur une place \u00e0 des histoires de rencontres, celui devant une maison vigneronne \u00e0 des histoires de vignes, celui devant un ch\u00e2teau \u00e0 des histoires de pouvoir, de richesse, de roi \u2026\u2026<\/p>\n\n\n\n<p class=\"has-small-font-size\">Des histoires choisies avec des tonalit\u00e9s et des dur\u00e9es diff\u00e9rentes, car <strong>l\u2019alternance<\/strong>, on le sait, nourrit l\u2019attention.<\/p>\n\n\n\n<p class=\"has-small-font-size\">Des histoires choisies plus pour <strong>leur c\u00f4t\u00e9 \u00ab&nbsp;universel&nbsp;\u00bb<\/strong>, que pour le c\u00f4t\u00e9 \u00ab&nbsp;particulier&nbsp;\u00bb de l\u2019histoire du village concern\u00e9.<\/p>\n\n\n\n<p class=\"has-small-font-size\"><strong>La rencontre sera interactive<\/strong>, car le chemin n\u2019en fait parfois qu\u2019\u00e0 sa t\u00eate. S\u2019arr\u00eatant et refusant de se d\u00e9rouler, si des r\u00e9ponses ne sont pas trouv\u00e9es aux devinettes pos\u00e9es par l\u2019intercession du conteur.<\/p>\n\n\n\n<p class=\"has-small-font-size\">   <em><u>Dur\u00e9e&nbsp;: 1h15 environ<\/u>.<\/em><\/p>\n\n\n\n<p>                                      <strong>Balades cont\u00e9es r\u00e9alis\u00e9es depuis 2018&nbsp;:<\/strong><\/p>\n\n\n\n<p class=\"has-small-font-size\"><strong><em>pour La Domitienne&nbsp;: <\/em><\/strong><em>Colombiers, Maraussan, Lespignan, Montady, Cazouls les B\u00e9ziers, Vendres, Maureilhan, Nissan,<\/em><\/p>\n\n\n\n<p class=\"has-small-font-size\"><strong><em>pour la Communaut\u00e9 d\u2019Agglo H\u00e9rault-M\u00e9diterran\u00e9e<\/em><\/strong><em>\u00a0: Tourbes(3), Caux(1), Bessan(2), Florensac(3), Nizas(3), Pom\u00e9rols(1), St Thib\u00e9ry<\/em>(3),<em> Montagnac, L\u00e9zignan la C\u00e8be(2), N\u00e9zignan l&rsquo;Ev\u00eaque(1), Cazouls d&rsquo;H\u00e9rault(2), Castelnau de Guers(1),<\/em><\/p>\n\n\n\n<p class=\"has-small-font-size\"><strong><em>pour l&rsquo;Office de Tourisme du cap d&rsquo;Agde<\/em><\/strong>: <em>Agde (3), Vias (3), Portiragnes (3), Grau d&rsquo;Agde (1)<\/em>, <em>Cap d&rsquo;Agde<\/em> (1)<\/p>\n\n\n\n<p class=\"has-small-font-size\"><em><strong>autres organisateurs<\/strong>: Valras-Plage<\/em> (1),<\/p>\n\n\n\n<p><\/p>\n\n\n\n<p><\/p>\n\n\n\n<div class=\"wp-block-group\"><div class=\"wp-block-group__inner-container is-layout-constrained wp-block-group-is-layout-constrained\">\n<h2 class=\"wp-block-heading\"><\/h2>\n<\/div><\/div>\n\n\n\n<p class=\"has-small-font-size\"><\/p>\n\n\n\n<p><\/p>\n","protected":false},"excerpt":{"rendered":"<p>\u00ab\u00a0La balade cont\u00e9e est un voyage collectif dans le temps, l\u2019espace et l\u2019imaginaire rassemblant, autour d&rsquo;un conteur, un groupe de personnes dans un moment complice, bienveillant, l\u00e9ger et souriant.\u00ab\u00a0 Chaque village a son histoire, son patrimoine, son charme et bien s\u00fbr ses habitants qui aiment \u00e0 se retrouver et accueillir ceux qui ont mis le [&hellip;]<\/p>\n","protected":false},"author":1,"featured_media":770,"parent":0,"menu_order":0,"comment_status":"closed","ping_status":"closed","template":"page-blog.php","meta":{"footnotes":""},"class_list":["post-101","page","type-page","status-publish","has-post-thumbnail","hentry","et-bg-layout-dark","et-background-image"],"_links":{"self":[{"href":"https:\/\/philippecharleux.fr\/index.php?rest_route=\/wp\/v2\/pages\/101","targetHints":{"allow":["GET"]}}],"collection":[{"href":"https:\/\/philippecharleux.fr\/index.php?rest_route=\/wp\/v2\/pages"}],"about":[{"href":"https:\/\/philippecharleux.fr\/index.php?rest_route=\/wp\/v2\/types\/page"}],"author":[{"embeddable":true,"href":"https:\/\/philippecharleux.fr\/index.php?rest_route=\/wp\/v2\/users\/1"}],"replies":[{"embeddable":true,"href":"https:\/\/philippecharleux.fr\/index.php?rest_route=%2Fwp%2Fv2%2Fcomments&post=101"}],"version-history":[{"count":54,"href":"https:\/\/philippecharleux.fr\/index.php?rest_route=\/wp\/v2\/pages\/101\/revisions"}],"predecessor-version":[{"id":942,"href":"https:\/\/philippecharleux.fr\/index.php?rest_route=\/wp\/v2\/pages\/101\/revisions\/942"}],"wp:featuredmedia":[{"embeddable":true,"href":"https:\/\/philippecharleux.fr\/index.php?rest_route=\/wp\/v2\/media\/770"}],"wp:attachment":[{"href":"https:\/\/philippecharleux.fr\/index.php?rest_route=%2Fwp%2Fv2%2Fmedia&parent=101"}],"curies":[{"name":"wp","href":"https:\/\/api.w.org\/{rel}","templated":true}]}}